{"id":4883,"date":"2025-04-12T09:01:25","date_gmt":"2025-04-12T07:01:25","guid":{"rendered":"https:\/\/manudt.be\/?page_id=4883"},"modified":"2025-04-12T16:00:52","modified_gmt":"2025-04-12T14:00:52","slug":"brilliant-trees","status":"publish","type":"page","link":"https:\/\/manudt.be\/?page_id=4883","title":{"rendered":"Brilliant Trees"},"content":{"rendered":"\n<blockquote class=\"wp-block-quote is-layout-flow wp-block-quote-is-layout-flow\">\n<p>Brilliant Trees is a Belgian band created in January 2014 on the initiative of Val\u00e9rie Cooreman, author, composer and bassist. At first, it is a trio made up of singer Magali Roba, guitarist Olivier Degraux and Val\u00e9rie Cooreman on bass.<\/p>\n<\/blockquote>\n\n\n\n<blockquote class=\"wp-block-quote is-layout-flow wp-block-quote-is-layout-flow\">\n<p>Lau Seys joins them in the studio for the drums. In 2016, Patrice de Matos replaced Olivier Degraux and Nicolas Sancinito became their drummer during the recording of The Hole. In October 2018, the album Running Ragged was released. It was then that drummer Brice Prevel joined the band in place of Nicolas Sancinito.<\/p>\n<\/blockquote>\n\n\n\n<blockquote class=\"wp-block-quote is-layout-flow wp-block-quote-is-layout-flow\">\n<p>The Covid time accelerated things because confinement gave way to creation with a brand new voice, of Massimo Gurrieri, thanked for his participation in their album \u201cAbout Time\u201d, released in 2023 !<\/p>\n<\/blockquote>\n\n\n\n<blockquote class=\"wp-block-quote is-layout-flow wp-block-quote-is-layout-flow\">\n<p>The revolution is underway with Kevin Cools ( Machiavel ) with a 4th album, \u201c10 Years Beyond\u201d. Val\u00e9rie Cooreman (bass &amp; vocals), Brice Prevel (drums), S\u00e9bastien Bernon (guitars), and Kevin Cools (lead vocal) !<\/p>\n\n\n\n<p>And from now on, the live line-up, since the album launch on September 27 at Th\u00e9\u00e2tre Le Marni, is as follows. Kevin Cools (lead vocals) Val\u00e9rie Cooreman (bass) Thierry Plas (guitar) Phil Henrion (guitar) Brice Prevel (drums)<\/p>\n<\/blockquote>\n\n\n\n<div class=\"wp-block-buttons alignwide is-content-justification-center is-layout-flex wp-container-core-buttons-is-layout-16018d1d wp-block-buttons-is-layout-flex\">\n<div class=\"wp-block-button\"><a class=\"wp-block-button__link wp-element-button\" href=\"https:\/\/www.brillianttrees.be\/\" target=\"_blank\" rel=\"noreferrer noopener\">More informtions<\/a><\/div>\n<\/div>\n\n\n\n<p><\/p>\n\n\n\n<figure class=\"wp-block-image size-large\"><img loading=\"lazy\" decoding=\"async\" width=\"1024\" height=\"379\" src=\"https:\/\/manudt.be\/wp-content\/uploads\/2025\/04\/O1A7302-1024x379.jpg\" alt=\"\" class=\"wp-image-5058\" srcset=\"https:\/\/manudt.be\/wp-content\/uploads\/2025\/04\/O1A7302-1024x379.jpg 1024w, https:\/\/manudt.be\/wp-content\/uploads\/2025\/04\/O1A7302-300x111.jpg 300w, https:\/\/manudt.be\/wp-content\/uploads\/2025\/04\/O1A7302-768x284.jpg 768w, https:\/\/manudt.be\/wp-content\/uploads\/2025\/04\/O1A7302-1536x569.jpg 1536w, https:\/\/manudt.be\/wp-content\/uploads\/2025\/04\/O1A7302-2048x758.jpg 2048w\" sizes=\"auto, (max-width: 1024px) 100vw, 1024px\" \/><\/figure>\n\n\n\n<figure class=\"wp-block-embed aligncenter is-type-wp-embed is-provider-manudt-be wp-block-embed-manudt-be\"><div class=\"wp-block-embed__wrapper\">\n<div class=\"reactr-oembed-wrap clr\"><blockquote class=\"wp-embedded-content\" data-secret=\"vABWgenmEG\"><a href=\"https:\/\/manudt.be\/index.php\/brilliant-trees-wezembeek-thursday-festival-20-02-2025\/\">Brilliant Trees &#8211; Wezembeek Thursday Festival &#8211; 20\/02\/2025<\/a><\/blockquote><iframe loading=\"lazy\" class=\"wp-embedded-content\" sandbox=\"allow-scripts\" security=\"restricted\" style=\"position: absolute; visibility: hidden;\" title=\"\u00ab\u00a0Brilliant Trees &#8211; Wezembeek Thursday Festival &#8211; 20\/02\/2025\u00a0\u00bb &#8212; manudt.be\" src=\"https:\/\/manudt.be\/index.php\/brilliant-trees-wezembeek-thursday-festival-20-02-2025\/embed\/#?secret=MEgYJV0S9u#?secret=vABWgenmEG\" data-secret=\"vABWgenmEG\" width=\"600\" height=\"338\" frameborder=\"0\" marginwidth=\"0\" marginheight=\"0\" scrolling=\"no\"><\/iframe><\/div>\n<\/div><\/figure>\n\n\n\n<figure class=\"wp-block-image size-large\"><img loading=\"lazy\" decoding=\"async\" width=\"1024\" height=\"576\" src=\"https:\/\/manudt.be\/wp-content\/uploads\/2025\/04\/O1A22811-1024x576.jpg\" alt=\"\" class=\"wp-image-5061\" srcset=\"https:\/\/manudt.be\/wp-content\/uploads\/2025\/04\/O1A22811-1024x576.jpg 1024w, https:\/\/manudt.be\/wp-content\/uploads\/2025\/04\/O1A22811-300x169.jpg 300w, https:\/\/manudt.be\/wp-content\/uploads\/2025\/04\/O1A22811-768x432.jpg 768w, https:\/\/manudt.be\/wp-content\/uploads\/2025\/04\/O1A22811-1536x864.jpg 1536w, https:\/\/manudt.be\/wp-content\/uploads\/2025\/04\/O1A22811-2048x1152.jpg 2048w\" sizes=\"auto, (max-width: 1024px) 100vw, 1024px\" \/><\/figure>\n\n\n\n<figure class=\"wp-block-embed is-type-wp-embed is-provider-manudt-be wp-block-embed-manudt-be\"><div class=\"wp-block-embed__wrapper\">\n<div class=\"reactr-oembed-wrap clr\"><blockquote class=\"wp-embedded-content\" data-secret=\"3g433AogZQ\"><a href=\"https:\/\/manudt.be\/index.php\/brilliant-trees-cirque-royal-le-club-5-4-2025\/\">Brilliant Trees &#8211; Cirque Royal (Le Club) &#8211; 5\/4\/2025<\/a><\/blockquote><iframe loading=\"lazy\" class=\"wp-embedded-content\" sandbox=\"allow-scripts\" security=\"restricted\" style=\"position: absolute; visibility: hidden;\" title=\"\u00ab\u00a0Brilliant Trees &#8211; Cirque Royal (Le Club) &#8211; 5\/4\/2025\u00a0\u00bb &#8212; manudt.be\" src=\"https:\/\/manudt.be\/index.php\/brilliant-trees-cirque-royal-le-club-5-4-2025\/embed\/#?secret=fyMYju6XvF#?secret=3g433AogZQ\" data-secret=\"3g433AogZQ\" width=\"600\" height=\"338\" frameborder=\"0\" marginwidth=\"0\" marginheight=\"0\" scrolling=\"no\"><\/iframe><\/div>\n<\/div><\/figure>\n\n\n\n<p><\/p>\n","protected":false},"excerpt":{"rendered":"<p>Brilliant Trees is a Belgian band created in January 2014 on the initiative of Val\u00e9rie Cooreman, author, composer and bassist. At first, it is a trio made up of singer Magali Roba, guitarist Olivier Degraux and Val\u00e9rie Cooreman on bass. Lau Seys joins them in the studio for the drums. In 2016, Patrice de Matos [&hellip;]<\/p>\n","protected":false},"author":1,"featured_media":0,"parent":0,"menu_order":0,"comment_status":"closed","ping_status":"closed","template":"","meta":{"ngg_post_thumbnail":0,"footnotes":""},"class_list":["post-4883","page","type-page","status-publish","hentry","entry"],"_links":{"self":[{"href":"https:\/\/manudt.be\/index.php?rest_route=\/wp\/v2\/pages\/4883","targetHints":{"allow":["GET"]}}],"collection":[{"href":"https:\/\/manudt.be\/index.php?rest_route=\/wp\/v2\/pages"}],"about":[{"href":"https:\/\/manudt.be\/index.php?rest_route=\/wp\/v2\/types\/page"}],"author":[{"embeddable":true,"href":"https:\/\/manudt.be\/index.php?rest_route=\/wp\/v2\/users\/1"}],"replies":[{"embeddable":true,"href":"https:\/\/manudt.be\/index.php?rest_route=%2Fwp%2Fv2%2Fcomments&post=4883"}],"version-history":[{"count":14,"href":"https:\/\/manudt.be\/index.php?rest_route=\/wp\/v2\/pages\/4883\/revisions"}],"predecessor-version":[{"id":5073,"href":"https:\/\/manudt.be\/index.php?rest_route=\/wp\/v2\/pages\/4883\/revisions\/5073"}],"wp:attachment":[{"href":"https:\/\/manudt.be\/index.php?rest_route=%2Fwp%2Fv2%2Fmedia&parent=4883"}],"curies":[{"name":"wp","href":"https:\/\/api.w.org\/{rel}","templated":true}]}}

<blockquote class="wp-block-quote is-layout-flow wp-block-quote-is-layout-flow">
<p>Brilliant Trees is a Belgian band created in January 2014 on the initiative of Valérie Cooreman, author, composer and bassist. At first, it is a trio made up of singer Magali Roba, guitarist Olivier Degraux and Valérie Cooreman on bass.</p>
</blockquote>



<blockquote class="wp-block-quote is-layout-flow wp-block-quote-is-layout-flow">
<p>Lau Seys joins them in the studio for the drums. In 2016, Patrice de Matos replaced Olivier Degraux and Nicolas Sancinito became their drummer during the recording of The Hole. In October 2018, the album Running Ragged was released. It was then that drummer Brice Prevel joined the band in place of Nicolas Sancinito.</p>
</blockquote>



<blockquote class="wp-block-quote is-layout-flow wp-block-quote-is-layout-flow">
<p>The Covid time accelerated things because confinement gave way to creation with a brand new voice, of Massimo Gurrieri, thanked for his participation in their album “About Time”, released in 2023 !</p>
</blockquote>



<blockquote class="wp-block-quote is-layout-flow wp-block-quote-is-layout-flow">
<p>The revolution is underway with Kevin Cools ( Machiavel ) with a 4th album, “10 Years Beyond”. Valérie Cooreman (bass &amp; vocals), Brice Prevel (drums), Sébastien Bernon (guitars), and Kevin Cools (lead vocal) !</p>



<p>And from now on, the live line-up, since the album launch on September 27 at Théâtre Le Marni, is as follows. Kevin Cools (lead vocals) Valérie Cooreman (bass) Thierry Plas (guitar) Phil Henrion (guitar) Brice Prevel (drums)</p>
</blockquote>



<div class="wp-block-buttons alignwide is-content-justification-center is-layout-flex wp-container-core-buttons-is-layout-16018d1d wp-block-buttons-is-layout-flex">
<div class="wp-block-button"><a class="wp-block-button__link wp-element-button" href="https://www.brillianttrees.be/" target="_blank" rel="noreferrer noopener">More informtions</a></div>
</div>



<p></p>



<figure class="wp-block-image size-large"><img loading="lazy" decoding="async" width="1024" height="379" src="https://manudt.be/wp-content/uploads/2025/04/O1A7302-1024x379.jpg" alt="" class="wp-image-5058" srcset="https://manudt.be/wp-content/uploads/2025/04/O1A7302-1024x379.jpg 1024w, https://manudt.be/wp-content/uploads/2025/04/O1A7302-300x111.jpg 300w, https://manudt.be/wp-content/uploads/2025/04/O1A7302-768x284.jpg 768w, https://manudt.be/wp-content/uploads/2025/04/O1A7302-1536x569.jpg 1536w, https://manudt.be/wp-content/uploads/2025/04/O1A7302-2048x758.jpg 2048w" sizes="auto, (max-width: 1024px) 100vw, 1024px" /></figure>



<figure class="wp-block-embed aligncenter is-type-wp-embed is-provider-manudt-be wp-block-embed-manudt-be"><div class="wp-block-embed__wrapper">
<div class="reactr-oembed-wrap clr"><blockquote class="wp-embedded-content" data-secret="vABWgenmEG"><a href="https://manudt.be/index.php/brilliant-trees-wezembeek-thursday-festival-20-02-2025/">Brilliant Trees &#8211; Wezembeek Thursday Festival &#8211; 20/02/2025</a></blockquote><iframe loading="lazy" class="wp-embedded-content" sandbox="allow-scripts" security="restricted" style="position: absolute; visibility: hidden;" title="« Brilliant Trees &#8211; Wezembeek Thursday Festival &#8211; 20/02/2025 » &#8212; manudt.be" src="https://manudt.be/index.php/brilliant-trees-wezembeek-thursday-festival-20-02-2025/embed/#?secret=MEgYJV0S9u#?secret=vABWgenmEG" data-secret="vABWgenmEG" width="600" height="338" frameborder="0" marginwidth="0" marginheight="0" scrolling="no"></iframe></div>
</div></figure>



<figure class="wp-block-image size-large"><img loading="lazy" decoding="async" width="1024" height="576" src="https://manudt.be/wp-content/uploads/2025/04/O1A22811-1024x576.jpg" alt="" class="wp-image-5061" srcset="https://manudt.be/wp-content/uploads/2025/04/O1A22811-1024x576.jpg 1024w, https://manudt.be/wp-content/uploads/2025/04/O1A22811-300x169.jpg 300w, https://manudt.be/wp-content/uploads/2025/04/O1A22811-768x432.jpg 768w, https://manudt.be/wp-content/uploads/2025/04/O1A22811-1536x864.jpg 1536w, https://manudt.be/wp-content/uploads/2025/04/O1A22811-2048x1152.jpg 2048w" sizes="auto, (max-width: 1024px) 100vw, 1024px" /></figure>



<figure class="wp-block-embed is-type-wp-embed is-provider-manudt-be wp-block-embed-manudt-be"><div class="wp-block-embed__wrapper">
<div class="reactr-oembed-wrap clr"><blockquote class="wp-embedded-content" data-secret="3g433AogZQ"><a href="https://manudt.be/index.php/brilliant-trees-cirque-royal-le-club-5-4-2025/">Brilliant Trees &#8211; Cirque Royal (Le Club) &#8211; 5/4/2025</a></blockquote><iframe loading="lazy" class="wp-embedded-content" sandbox="allow-scripts" security="restricted" style="position: absolute; visibility: hidden;" title="« Brilliant Trees &#8211; Cirque Royal (Le Club) &#8211; 5/4/2025 » &#8212; manudt.be" src="https://manudt.be/index.php/brilliant-trees-cirque-royal-le-club-5-4-2025/embed/#?secret=fyMYju6XvF#?secret=3g433AogZQ" data-secret="3g433AogZQ" width="600" height="338" frameborder="0" marginwidth="0" marginheight="0" scrolling="no"></iframe></div>
</div></figure>



<p></p>

<p>Brilliant Trees is a Belgian band created in January 2014 on the initiative of Valérie Cooreman, author, composer and bassist. At first, it is a trio made up of singer Magali Roba, guitarist Olivier Degraux and Valérie Cooreman on bass. Lau Seys joins them in the studio for the drums. In 2016, Patrice de Matos [&hellip;]</p>
